12127 a multiple of 29?
False
Does 35 divide 2477410?
False
Is 5113836 a multiple of 892?
True
Does 10 divide 8238750?
True
Is 362488 a multiple of 52?
False
Does 352 divide 444928?
True
Is 13 a factor of 1500096?
True
Does 38 divide 341278?
True
Is 1894925 a multiple of 449?
False
Does 8 divide 723896?
True
Does 7 divide 1451481?
False
Is 1997729 a multiple of 2?
False
Does 18 divide 7830?
True
Is 2 a factor of 2206?
True
Is 10 a factor of 474880?
True
Is 384090 a multiple of 295?
True
Is 11 a factor of 31834?
True
Does 97 divide 1089892?
True
Is 62 a factor of 214024?
True
Does 30 divide 175974?
False
Is 10 a factor of 198010?
True
Does 75 divide 172950?
True
Is 406 even?
True
Is 6972039 a multiple of 1593?
False
Is 10005362 a multiple of 502?
True
Does 15 divide 4672078?
False
Is 339 a factor of 24555465?
True
Is 36 a factor of 13066752?
False
Is 293 a factor of 3143890?
True
Is 25 a factor of 4513798?
False
Is 150201 a multiple of 2?
False
Is 1633045 a multiple of 61?
False
Does 42 divide 21183288?
True
Does 7 divide 2813829?
False
Is 534297 a multiple of 344?
False
Does 129 divide 1316703?
True
Is 6392 a multiple of 34?
True
Is 1637140 a multiple of 20?
True
Is 294 a factor of 1733718?
True
Is 404910 a multiple of 495?
True
Does 181 divide 36562?
True
Is 201 a factor of 1113589?
False
Is 43 a factor of 696858?
True
Does 529 divide 1090269?
True
Is 4832359 a multiple of 973?
False
Is 559728 a multiple of 78?
True
Does 68 divide 28538?
False
Is 4428453 a multiple of 342?
False
Is 351 a factor of 87337?
False
Is 773518 a multiple of 439?
True
Is 55650 a multiple of 15?
True
Is 848000 a multiple of 8?
True
Does 93 divide 13235333?
False
Is 88389 a multiple of 5?
False
Is 160 a factor of 3280160?
True
Does 193 divide 807705?
True
Does 32 divide 955424?
True
Is 4077792 a multiple of 18?
True
Is 9 a factor of 196630?
False
Does 5 divide 82590?
True
Is 304 a factor of 3886280?
False
Is 240787 a multiple of 65?
False
Does 630 divide 1898190?
True
Is 9677895 a multiple of 395?
True
Is 112 a factor of 17727603?
False
Is 361 a factor of 7078266?
False
Is 56 a factor of 174384?
True
Is 15033078 a multiple of 32?
False
Is 5 a factor of 3485840?
True
Does 100 divide 2171400?
True
Does 159 divide 1615122?
True
Is 142576 a multiple of 28?
True
Is 6112512 a multiple of 14?
True
Is 182 a factor of 226648?
False
Is 1018 a factor of 5463849?
False
Is 453 a factor of 13793850?
True
Does 6 divide 1458228?
True
Does 22 divide 6485?
False
Does 21 divide 4471215?
True
Is 122 a factor of 168726?
True
Is 1737962 a multiple of 362?
True
Does 166 divide 66327?
False
Does 12 divide 83165?
False
Is 293 a factor of 10070703?
True
Is 15 a factor of 825690?
True
Is 145900 a multiple of 100?
True
Is 51 a factor of 44217?
True
Is 17 a factor of 1819136?
True
Does 125 divide 20929741?
False
Does 361 divide 2362297?
False
Does 90 divide 107280?
True
Is 212394 a multiple of 39?
True
Does 856 divide 4958557?
False
Does 19 divide 118601?
False
Is 69 a factor of 1688239?
False
Does 118 divide 754138?
True
Is 3 a factor of 651?
True
Is 14179620 a multiple of 30?
True
Is 141 a factor of 29980?
False
Is 174640 a multiple of 236?
True
Is 132872 a multiple of 8?
True
Does 11 divide 38781?
False
Does 20 divide 38535477?
False
Does 612 divide 2026709?
False
Does 103 divide 1951509?
False
Is 5 a factor of 124136?
False
Is 5 a factor of 117185?
True
Is 157 a factor of 762078?
True
Is 10 a factor of 558800?
True
Is 50 a factor of 239519?
False
Is 62 a factor of 205783?
False
Is 30 a factor of 3079500?
True
Is 22 a factor of 11421674?
True
Is 1665840 a multiple of 60?
True
Does 125 divide 991750?
True
Is 284 a factor of 115020?
True
Does 53 divide 722443?
True
Does 151 divide 329038?
False
Is 1934493 a multiple of 208?
False
Is 71 a factor of 906954?
True
Is 35599 a multiple of 65?
False
Is 235476 a multiple of 633?
True
Does 61 divide 40181?
False
Does 989 divide 6685098?
False
Does 68 divide 3248836?
True
Is 240631 a multiple of 210?
False
Does 15 divide 2082462?
False
Is 831 a factor of 2011851?
True
Is 241703 a multiple of 397?
False
Is 4 a factor of 510951?
False
Is 117440 a multiple of 85?
False
Does 11 divide 2740?
False
Is 29 a factor of 95062?
True
Is 2147616 a multiple of 288?
True
Is 223347 a multiple of 33?
False
Does 7 divide 8643908?
True
Is 81 a factor of 53988?
False
Does 1060 divide 10208874?
False
Is 273856 a multiple of 40?
False
Is 4190093 a multiple of 87?
False
Does 121 divide 2374060?
False
Is 244873 a multiple of 41?
False
Does 3 divide 1459836?
True
Does 111 divide 1376955?
True
Does 2 divide 27023?
False
Is 1279430 a multiple of 485?
True
Is 7362846 a multiple of 125?
False
Does 26 divide 1269095?
False
Is 479251 a multiple of 67?
True
Does 29 divide 1997897?
True
Does 67 divide 9970806?
True
Is 85 a factor of 1795349?
False
Is 384288 a multiple of 4?
True
Is 195 a factor of 298033?
False
Does 55 divide 347710?
True
Does 35 divide 5285?
True
Is 192 a factor of 94080?
True
Is 21815 a multiple of 5?
True
Is 12991516 a multiple of 973?
False
Is 12 a factor of 14400?
True
Does 10 divide 191230?
True
Is 105360 a multiple of 10?
True
Is 7 a factor of 54855?
False
Is 6 a factor of 288660?
True
Does 22 divide 83864?
True
Is 258 a factor of 17191830?
True
Is 181194 a multiple of 26?
True
Is 42231 a multiple of 3?
True
Is 12 a factor of 376296?
True
Is 89 a factor of 112852?
True
Does 13 divide 3867318?
True
Is 82 a factor of 1317822?
True
Is 3628848 a multiple of 228?
True
Is 99 a factor of 574020?
False
Does 2 divide 6985?
False
Does 10 divide 482325?
False
Is 2237689 a multiple of 28?
False
Is 5998031 a multiple of 223?
True
Does 3 divide 5900169?
True
Is 888 a factor of 2643634?
False
Is 16 a factor of 188336?
True
Is 581472 a multiple of 202?
False
Does 112 divide 4947974?
False
Does 5 divide 37240?
True
Does 36 divide 86845?
False
Is 54 a factor of 1863706?
False
Does 34 divide 6812044?
False
Does 490 divide 547928?
False
Does 198 divide 34424?
False
Is 239 a factor of 15639267?
False
Is 97976 a multiple of 271?
False
Does 88 divide 9381064?
True
Is 77 a factor of 5303844?
False
Is 21 a factor of 872391?
False
Is 376 a factor of 2228552?
True
Is 131 a factor of 4883287?
True
Is 25 a factor of 437529?
False
Is 2453932 a multiple of 15?
False
Is 5 a factor of 2955501?
False
Does 17 divide 326407?
False
Does 41 divide 240014?
True
Is 3331675 a multiple of 87?
False
Is 37 a factor of 314420?
False
Is 26 a factor of 1746082?
True
Does 61 divide 624314?
False
Is 17 a factor of 607759?
False
Does 264 divide 393096?
True
Does 18 divide 5490?
True
Does 7 divide 201402?
False
Is 5 a factor of 148565?
True
Is 6 a factor of 28824?
True
Is 313 a factor of 1275162?
True
Is 8 a factor of 79993?
False
Is 58220 a multiple of 73?
False
Does 281 divide 1354701?
True
Does 421 divide 919464?
True
Does 256 divide 1484800?
True
Is 7 a factor of 2598447?
False
Does 490 divide 303211?
False
Is 1142892 a multiple of 11?
False
Does 1448 divide 14107864?
True
Is 649717 even?
False
Is 3171034 a multiple of 58?
True
Is 11053416 a multiple of 447?
True
Does 9 divide 55629?
True
Does 12 divide 340346?
False
Does 10 divide 7814979?
False
Is 180251 a multiple of 100?
False
Does 169 divide 826011?
False
Does 492 divide 9840?
True
Does 212 divide 160468?
False
Is 25 a factor of 10782575?
True
Is 429084 a multiple of 116?
True
Does 159 divide 24544?
False
Is 6616672 a multiple of 15?
False
Does 509 divide 182264?
False
Is 53802 a multiple of 98?
True
Does 60 divide 2176334?
False
Is 1750210 a multiple of 70?
True
Does 39 divide 45423?
False
Is 259161 a multiple of 191?
False
Is 24491 a multiple of 13?
False
Does 239 divide 4203293?
True
Does 89 divide 504007?
True
Does 760 divide 99560?
True
Is 30 a factor of 127710?
True
Is 5369 a multiple of 29?
False
Is 3746114 a multiple of 17?
False
Does 22 divide 77528?
True
Is 13 a factor of 59202?
True
Does 2057 divide 16280037?
False
Does 93 divide 10432623?
False
Does 14 divide 3456376?
True
Is 33 a factor of 318612?
False
Does 27 divide 109832?
False
Is 429630 even?
True
Is 5174094 a multiple of 219?
True
Is 158860 a multiple of 10?
True
Does 7 divide 435789?
False
Does 11 divide 5647595?
False
Does 479 divide 2309738?
True
Is 620272 a multiple of 680?
Fals